7
What is the thousands digit of 14766?
4
What is the units digit of 1328?
8
What is the tens digit of 11677?
7
What is the hundreds digit of 8919?
9
What is the units digit of 1225?
5
What is the units digit of 347?
7
What is the units digit of 2068?
8
What is the units digit of 495?
5
What is the units digit of 42199?
9
What is the hundreds digit of 1608?
6
What is the hundreds digit of 74109?
1
What is the thousands digit of 3132?
3
What is the thousands digit of 88806?
8
What is the tens digit of 1043?
4
What is the tens digit of 546?
4
What is the hundreds digit of 1546?
5
What is the tens digit of 978?
7
What is the tens digit of 3041?
4
What is the tens digit of 80060?
6
What is the thousands digit of 71825?
1
What is the hundreds digit of 6814?
8
What is the units digit of 33038?
8
What is the tens digit of 3428?
2
What is the thousands digit of 1154?
1
What is the units digit of 16762?
2
What is the hundreds digit of 3079?
0
What is the tens digit of 2343?
4
What is the thousands digit of 17968?
7
What is the ten thousands digit of 15682?
1
What is the units digit of 2263?
3
What is the hundreds digit of 2943?
9
What is the tens digit of 3252?
5
What is the tens digit of 3776?
7
What is the tens digit of 187?
8
What is the units digit of 20262?
2
What is the ten thousands digit of 75933?
7
What is the units digit of 1320?
0
What is the tens digit of 67729?
2
What is the ten thousands digit of 13018?
1
What is the tens digit of 1075?
7
What is the ten thousands digit of 39159?
3
What is the hundreds digit of 5778?
7
What is the thousands digit of 3980?
3
What is the units digit of 563?
3
What is the ten thousands digit of 11727?
1
What is the ten thousands digit of 32788?
3
What is the units digit of 9301?
1
What is the tens digit of 36525?
2
What is the tens digit of 2153?
5
What is the units digit of 30932?
2
What is the tens digit of 9520?
2
What is the units digit of 271?
1
What is the hundreds digit of 3910?
9
What is the hundreds digit of 29470?
4
What is the tens digit of 280?
8
What is the tens digit of 20052?
5
What is the hundreds digit of 1093?
0
What is the tens digit of 1027?
2
What is the tens digit of 2949?
4
What is the units digit of 15879?
9
What is the tens digit of 91?
9
What is the tens digit of 6376?
7
What is the tens digit of 11809?
0
What is the thousands digit of 2794?
2
What is the units digit of 162842?
2
What is the ten thousands digit of 10171?
1
What is the tens digit of 2425?
2
What is the tens digit of 3825?
2
What is the ten thousands digit of 24526?
2
What is the units digit of 697?
7
What is the tens digit of 43367?
6
What is the units digit of 3833?
3
What is the tens digit of 232?
3
What is the thousands digit of 15068?
5
What is the hundreds digit of 1429?
4
What is the thousands digit of 4428?
4
What is the tens digit of 19416?
1
What is the thousands digit of 3395?
3
What is the units digit of 1271?
1
What is the hundreds digit of 5238?
2
What is the hundreds digit of 3800?
8
What is the ten thousands digit of 25812?
2
What is the thousands digit of 7604?
7
What is the ten thousands digit of 13263?
1
What is the ten thousands digit of 25841?
2
What is the units digit of 3712?
2
What is the hundreds digit of 7325?
3
What is the tens digit of 45891?
9
What is the tens digit of 692?
9
What is the units digit of 31426?
6
What is the hundreds digit of 2594?
5
What is the ten thousands digit of 144402?
4
What is the hundreds digit of 60381?
3
What is the tens digit of 12646?
4
What is the units digit of 4785?
5
What is the tens digit of 454?
5
What is the thousands digit of 2446?
2
What is the thousands digit of 5318?
5
What is the units digit of 3661?
1
What is the hundreds digit of 43586?
5
What is the tens digit of 32455?
5
What is the units digit of 3324?
4
What is the hundreds digit of 2183?
1
What is the thousands digit of 3537?
3
What is the units digit of 9850?
0
What is the units digit of 602?
2
What is the thousands digit of 1283?
1
What is the hundreds digit of 40160?
1
What is the tens digit of 31947?
4
What is the tens digit of 63293?
9
What is the hundreds digit of 2634?
6
What is the tens digit of 8709?
0
What is the hundreds digit of 4570?
5
What is the hundreds digit of 19726?
7
What is the ten thousands digit of 27285?
2
What is the units digit of 57799?
9
What is the units digit of 2756?
6
What is the tens digit of 25116?
1
What is the units digit of 44133?
3
What is the thousands digit of 5448?
5
What is the units digit of 77884?
4
What is the thousands digit of 91814?
1
What is the units digit of 14137?
7
What is the tens digit of 6009?
0
What is the hundreds digit of 5313?
3
What is the hundreds digit of 24635?
6
What is the units digit of 13012?
2
What is the hundreds digit of 4007?
0
What is the units digit of 60758?
8
What is the thousands digit of 2800?
2
What is the thousands digit of 5278?
5
What is the tens digit of 1330?
3
What is the tens digit of 201?
0
What is the thousands digit of 7722?
7
What is the ten thousands digit of 11121?
1
What is the hundreds digit of 907?
9
What is the units digit of 13325?
5
What is the units digit of 16196?
6
What is the hundreds digit of 692?
6
What is the units digit of 33739?
9
What is the tens digit of 1141?
4
What is the tens digit of 24505?
0
What is the tens digit of 20407?
0
What is the hundreds digit of 87240?
2
What is the hundreds digit of 449?
4
What is the tens digit of 6973?
7
What is the units digit of 14516?
6
What is the hundreds digit of 697?
6
What is the units digit of 2592?
2
What is the ten thousands digit of 84040?
8
What is the tens digit of 44615?
1
What is the units digit of 3304?
4
What is the units digit of 680?
0
What is the ten thousands digit of 59353?
5
What is the units digit of 16224?
4
What is the tens digit of 1365?
6
What is the units digit of 18308?
8
What is the units digit of 60610?
0
What is the units digit of 2198?
8
What is the hundreds digit of 1913?
9
What is the tens digit of 27?
2
What is the tens digit of 739?
3
What is the thousands digit of 1859?
1
What is the units digit of 107585?
5
What is the thousands digit of 1337?
1
What is the hundreds digit of 4670?
6
What is the tens digit of 39752?
5
What is the units digit of 3861?
1
What is the tens digit of 1060?
6
What is the tens digit of 39190?
9
What is the tens digit of 3255?
5
What is the hundreds digit of 623?
6
What is the hundreds digit of 541?
5
What is the ten thousands digit of 26235?
2
What is the tens digit of 6746?
4
What is the tens digit of 212?
1
What is the units digit of 977?
7
What is the tens digit of 1334?
3
What is the thousands digit of 3881?
3
What is the units digit of 1641?
1
What is the hundreds digit of 170?
1
What is the thousands digit of 19956?
9
What is the hundreds digit of 1314?
3
What is the tens digit of 10727?
2
What is the hundreds digit of 8293?
2
What is the tens digit of 6229?
2
What is the tens digit of 517?
1
What is the hundreds digit of 43685?
6
What is the tens digit of 46240?
4
What is the units digit of 604?
4
What is the hundreds digit of 1141?
1
What is the hundreds digit of 381?
3
What is the hundreds digit of 788?
7
What is the tens digit of 10668?
6
What is the units digit of 50795?
5
What is the units digit of 625?
5
What is the units digit of 943?
3
What is the units digit of 59990?
0
What is the thousands digit of 60032?
0
What is the units digit of 893?
3
What is the hundreds digit of 117453?
4
What is the tens digit of 839?
3
What is the hundreds digit of 1950?
9
What is the tens digit of 748?
4
What is the ten thousands digit of 22502?
2
What is the tens digit of 2023?
2
What is the hundreds digit of 719?
7
What is the ten thousands digit of 120833?
2
What is the thousands digit of 1646?
1
What is the thousands digit of 34311?
4
What is the hundreds digit of 410?
4
What is the tens digit of 16202?
0
What is the hundreds digit of 1373?
3
What is the units digit of 5165?
5
What is the units digit of 886?
6
What is the hundreds digit of 79027?
0
What is the hundreds digit of 3200?
2
What is the tens digit of 1673?
7
What is the hundreds digit of 1712?
7
What is the tens digit of 4174?
7
What is the tens digit of 10689?
8
What is the thousands digit of 31014?
1
What is the tens di